60?
15
Suppose 4 - 20 = -4*i. Calculate the highest common divisor of 28 and i.
4
Let o(k) = -2*k**3 - 4*k**2 - 3*k + 4. Let f be o(-4). Suppose -g = -6*g + f. Calculate the greatest common divisor of 176 and g.
16
Suppose -o = 3*o - 180. Suppose l + 4*l + 2*b = 35, -55 = -5*l + 2*b. What is the greatest common divisor of o and l?
9
Let l = 264 + -188. Calculate the highest common divisor of 19 and l.
19
Suppose 4 = -0*r - 2*r, 4*r = 5*u - 68. Calculate the highest common factor of 108 and u.
12
Let o be (4/3)/2*3. Suppose 98 = -0*i + o*i. Calculate the highest common divisor of i and 7.
7
Let z(f) = f**2 - 1. Let s be z(-1). Suppose -96 = -2*l + 3*b, 2*l + b - 53 - 51 = s. Suppose 2*x = 48 - 14. What is the greatest common factor of x and l?
17
Suppose -2*l + 4 + 8 = 2*u, 0 = -u - 4*l + 6. What is the highest common divisor of 4 and u?
2
Let h(v) = v**2 + 17*v + 36. Let q be h(-15). What is the greatest common factor of q and 15?
3
Let h(y) = -2*y**3 - 5*y**2 + 2*y + 4. Let u be h(-4). What is the greatest common factor of u and 22?
22
Let f be ((-16)/3)/((-17)/102). Calculate the highest common factor of 8 and f.
8
Suppose 65 = 8*j - 79. Calculate the greatest common factor of 198 and j.
18
Let n(a) = 2*a**2 + 18*a - 26. Let d be n(-11). What is the greatest common factor of d and 9?
9
Let t(r) = 3*r**2 + 2*r - 8. Let l be t(-6). Suppose -4*f = 5*z - l, 3*f + 0*f + z - 66 = 0. What is the greatest common divisor of f and 2?
2
Let f(i) be the first derivative of i**3/3 - 2*i**2 + 2*i + 2. Let j be f(4). Calculate the greatest common divisor of 8 and j.
2
Suppose 0 = -2*k + 1 + 7. Let v be (-8 - -1)/(3 - k). Suppose -5*f = s - 24, -4*s + 96 = -v*f + 2*f. Calculate the highest common divisor of 8 and s.
8
Let t = -29 - -47. What is the highest common divisor of 162 and t?
18
Let f(l) = 35*l**2 - 2*l - 1. Let u be f(-1). Calculate the greatest common divisor of u and 6.
6
Let a(y) = 4 + y**2 - 1 + y - 2. Let m = 15 - 11. Let q be a(m). What is the greatest common divisor of q and 3?
3
Let k(m) be the second derivative of -m**5/4 - m**4/4 - 2*m. Let b be k(-2). What is the greatest common factor of 4 and b?
4
Suppose -64 = -4*k - 2*p, -4*k + 3*p + 102 = k. Let i(t) = t**3 - t**2 + 5*t - 4. Let w be i(3). Let q = -20 + w. What is the greatest common factor of q and k?
9
Let q = -107 - -155. Calculate the highest common divisor of q and 6.
6
Suppose -m + 4 - 3 = 0. Let t(i) = 99*i**3 - i + 1. Let l be t(m). What is the highest common divisor of l and 11?
11
Let k(v) = 2*v**2 + 4*v - 1. Let p be k(-4). What is the greatest common divisor of 10 and p?
5
Suppose -y + 25 + 25 = 0. Suppose 6*j = j + y. What is the highest common divisor of 30 and j?
10
Suppose -4*k = -195 + 15. Let z(t) = -6*t**3 - t**2 + t + 1. Let l be z(-1). What is the greatest common divisor of l and k?
5
Let j = -16 + 10. Let y = 11 + -7. Let h be (j/y)/((-1)/2). Calculate the greatest common divisor of h and 24.
3
Let k(s) = 9*s**2 - s + 2. Let x be k(-2). Let f = -14 + x. Let b be ((-6)/8)/((-3)/156). What is the greatest common factor of f and b?
13
Let i = -108 - -212. Calculate the greatest common factor of 13 and i.
13
Suppose 3*y + 129 = s, -5*s - y + 605 = -6*y. Calculate the highest common factor of s and 13.
13
Suppose 66 - 24 = z. Calculate the highest common factor of z and 28.
14
Let m = -11 - -2. Let d = -3 - m. Let u be ((-16)/10)/1*-15. What is the greatest common divisor of u and d?
6
Suppose -y + 14 = -16. Calculate the greatest common divisor of y and 6.
6
Let p(f) = f**2 - 4*f - 7. Suppose 4*q = -5*r + 34, 0*r - 2*r + 16 = 2*q. Let i be p(q). Calculate the highest common divisor of i and 20.
5
Let h be 6*(-1)/(1 - 0). Let q(c) = -c + 3. Let d be q(h). Let x = -35 - -36. Calculate the highest common factor of d and x.
1
Let v be (-2 - 1 - -5) + (-36)/(-2). What is the highest common factor of 80 and v?
20
Let x be 38/(-14) + (-10)/35. Suppose j - 3 + 1 = -4*t, -3*t + 11 = -4*j. Let f be (-16)/(-3) + j/x. What is the greatest common divisor of 48 and f?
6
Let c(w) = 11*w**2 + 5*w - 5. Let l be c(3). Let r = l + 26. Calculate the highest common factor of 27 and r.
27
Let v be (-70)/(35/(-10) - -3). Calculate the highest common factor of v and 35.
35
Let w be 4*13*(-5)/10. Let j = w + 36. Let b(g) = -6*g + 8. Let x be b(-7). Calculate the greatest common divisor of j and x.
10
Suppose 4*t = -3*v - 24 + 1062, 2*t = -3*v + 1032. Calculate the highest common divisor of v and 38.
38
Suppose 4*t - 60 = -6*t. What is the highest common factor of 42 and t?
6
Let p = 155 - 99. Suppose -11 + p = n + z, 220 = 5*n + 4*z. What is the greatest common factor of 10 and n?
10
Let i be 13*1*(1 + 0). Calculate the highest common factor of 104 and i.
13
Suppose -5*y - 3*a + 19 = 0, -5*a = -2*y + y - 13. Suppose h - 3*p + 9 = -p, 0 = y*h + 3*p + 4. Let i = h - -8. What is the highest common factor of 21 and i?
3
Suppose 144 = -0*w + 6*w. Calculate the highest common divisor of w and 36.
12
Let f(l) = -l**3 + 6*l**2 - 7*l - 7. Let w be f(6). Let o = w - -77. What is the greatest common divisor of o and 7?
7
Let f(u) = 70*u - 7. Let a be f(1). What is the greatest common divisor of a and 42?
21
Let y = 87 + -37. Suppose y = 4*u + u. Suppose 0 = b, -5*b + 91 = 4*i - 69. What is the highest common factor of u and i?
10
Let y be -276*(-6)/(-36)*-3. Calculate the greatest common divisor of y and 92.
46
Let z be 1 + 0 - -1 - -5. Let u(k) = -6*k - 3. Let o be u(z). Let v be (-2 + -2)/(3/o). What is the greatest common factor of 24 and v?
12
Suppose -5 = t - 0*t. Let v = t + 5. Let w(l) = -l + 4. Let m be w(v). What is the greatest common factor of 36 and m?
4
Let l be -10*1*(-276)/15. Let r = -128 + l. Calculate the highest common factor of 14 and r.
14
Suppose 3*y - 165 = -5*r + 2*r, 3*r = -5*y + 275. Calculate the greatest common factor of y and 5.
5
Suppose 0 = 5*y + 3*c - 240, -c - 2*c - 210 = -5*y. What is the greatest common factor of y and 18?
9
Let h = 6 - -7. Suppose 3 - h = -2*f. What is the highest common factor of 5 and f?
5
Let b(t) = 3*t. Let s be b(1). Calculate the greatest common divisor of s and 2.
1
Let w be 153/(-6)*(-4)/2. Calculate the greatest common factor of 17 and w.
17
Let x(w) = -5*w + 55. Let u be x(-8). What is the highest common divisor of u and 5?
5
Suppose -7*d - n + 12 = -2*d, 0 = -5*d + n + 18. Suppose -49 = -d*r - 10. What is the greatest common factor of r and 143?
13
Suppose 0 = 2*z + 4*d - 38, -z - 5*d + 10 = -0*z. Let v be (-39)/4 - (-2)/(-8). Let w be -4*3/(24/v). What is the greatest common divisor of z and w?
5
Let d = 106 - 46. What is the highest common factor of 240 and d?
60
Let a = -8 + 11. Suppose 0 = 2*u + a*u - 15. Calculate the highest common factor of 21 and u.
3
Let j = -7 + 8. What is the greatest common factor of j and 3?
1
Suppose -4 = 2*u - 8. Suppose 0*g - j - 138 = -3*g, -2*g + 2*j = -92. Let n be 1/u - g/(-4). Calculate the greatest common divisor of n and 3.
3
Let b(t) = -t + 6. Let n be b(-18). Calculate the highest common divisor of 156 and n.
12
Let d be 51*(3/9 - 0). Suppose 4*l - d - 15 = 0. Suppose 2*q - 40 = -3*q. What is the greatest common factor of l and q?
8
Let x = 13 + -11. Suppose x*y - 4*b - 52 + 18 = 0, 5*y = 2*b + 77. Let m be (15/(-3))/(2/(-6)). Calculate the greatest common divisor of m and y.
15
Suppose d = -5*i + 7, -i + 11 = 7*d - 2*d. Calculate the highest common factor of i and 4.
1
Suppose 4*o = -4*h + 172, 4 - 19 = -5*h. Let k be (4 - -1)/((-1)/(-20)). What is the greatest common divisor of k and o?
20
Suppose -4*q - 31 = -251. Calculate the highest common factor of q and 22.
11
Suppose -2*q + 5*q - 105 = 0. Suppose -4*x + 19 + 9 = 0. What is the highest common factor of x and q?
7
Let u be 2 + (-2 - -3) + 15. What is the greatest common factor of u and 6?
6
Let f be (3 - 2)/(1/2). Suppose 3*j = -o + 56, -f*j + 8*o + 26 = 3*o. What is the highest common factor of j and 12?
6
Suppose -14*n + 60 = -9*n. Suppose -n = 4*r - 164. Calculate the highest common factor of r and 95.
19
Suppose -2*z + 88 = 20. Calculate the greatest common factor of 85 and z.
17
Let x(c) = -c**2 - 12*c - 1. Let q be x(-5). Let f(s) = s + 85. Let y be f(0). Calculate the greatest common factor of q and y.
17
Let l(h) = -h - 3. Le